{"id":236458,"date":"2021-06-06T19:23:28","date_gmt":"2021-06-06T19:23:28","guid":{"rendered":"https:\/\/www.smykprzedszkole.com.pl\/stawowa\/?page_id=236458"},"modified":"2021-06-08T15:46:56","modified_gmt":"2021-06-08T15:46:56","slug":"zerowka","status":"publish","type":"page","link":"https:\/\/www.smykprzedszkole.com.pl\/stawowa\/zerowka\/","title":{"rendered":"ZER\u00d3WKA"},"content":{"rendered":"<p>[et_pb_section fb_built=&#8221;1&#8243; _builder_version=&#8221;4.9.4&#8243; _module_preset=&#8221;default&#8221; custom_padding=&#8221;||10px|||&#8221; bottom_divider_color=&#8221;#eaeaea&#8221;][et_pb_row column_structure=&#8221;1_3,2_3&#8243; _builder_version=&#8221;4.9.4&#8243; _module_preset=&#8221;default&#8221; width=&#8221;100%&#8221; max_width=&#8221;90%&#8221; custom_padding=&#8221;||5px|||&#8221;][et_pb_column type=&#8221;1_3&#8243; _builder_version=&#8221;4.9.4&#8243; _module_preset=&#8221;default&#8221;][et_pb_image src=&#8221;https:\/\/www.smykprzedszkole.com.pl\/stawowa\/files\/2021\/06\/Photogenica-PHX75657759.jpg&#8221; title_text=&#8221;Happy child playing outdoors&#8221; _builder_version=&#8221;4.9.4&#8243; _module_preset=&#8221;default&#8221; animation_style=&#8221;flip&#8221; border_radii=&#8221;off|50px||50px|&#8221; border_width_top=&#8221;4px&#8221; border_color_top=&#8221;#EDF000&#8243; border_width_right=&#8221;4px&#8221; border_color_right=&#8221;#7CDA24&#8243; border_color_left=&#8221;#E02B20&#8243;][\/et_pb_image][\/et_pb_column][et_pb_column type=&#8221;2_3&#8243; _builder_version=&#8221;4.9.4&#8243; _module_preset=&#8221;default&#8221;][et_pb_text_divider cwp_select_style=&#8221;fancy&#8221; cwp_style_fancy=&#8221;curved&#8221; divider_title=&#8221;Zer\u00f3wka&#8221; _builder_version=&#8221;4.9.4&#8243; _module_preset=&#8221;default&#8221; header_text_level=&#8221;h1&#8243; header_text_font=&#8221;Combo|700|||||||&#8221; header_text_text_color=&#8221;#E02B20&#8243; header_text_font_size=&#8221;35px&#8221; global_colors_info=&#8221;{%22gcid-3b8c3e40-536d-45e6-8ede-6833e503613c%22:%91%93}&#8221;][\/et_pb_text_divider][et_pb_text _builder_version=&#8221;4.9.4&#8243; _module_preset=&#8221;default&#8221; text_font=&#8221;Combo||||||||&#8221; text_text_color=&#8221;#000000&#8243; text_font_size=&#8221;17px&#8221; animation_style=&#8221;slide&#8221; animation_direction=&#8221;right&#8221;]<\/p>\n<p>Serdecznie zapraszamy do naszej zer\u00f3wki, program edukacyjny jest taki sam dla wszystkich \u2013 niezale\u017cnie od tego, czy dziecko chodzi do przedszkola, czy do szko\u0142y. R\u00f3\u017cny natomiast jest spos\u00f3b jego realizacji.<br \/>W przedszkolu program zaj\u0119\u0107 jest zdecydowanie bardziej urozmaicony. Nasi podopieczni opr\u00f3cz realizacji programu zer\u00f3wkowego maja dostostep do szeregu zaj\u0119\u0107 dodatkowych, ktore znajduj\u0105 si\u0119 w naszej ofercie.Sale w naszych przedszkolach w przeciwie\u0144stwie do klas szkolnych s\u0105 dostosowane do sp\u0119dzania czasu w urozmaicony spos\u00f3b: jest w nich miejsce na nauk\u0119, ale te\u017c i zabaw\u0119. Zdajemy sobie spraw\u0119, jak wielka odpowiedzialno\u015b\u0107 niesie ze soba ksztalcenie \u00a0zerowkowiczow.Zale\u017cy nam na ukszta\u0142towaniu silnego poczucia w\u0142asnej \u00a0warto\u015bci \u00a0u naszych podopiecznych..Nie zapominamy o asertywno\u015bci, ale uczymy r\u00f3wnie\u017c empatii. Absolwenci wychodz\u0105c spod naszych skrzyde\u0142 potrafija stawi\u0107 czo\u0142o \u017cyciowym problemom, odnosz\u0105 sukcesy, a pora\u017cki traktuj\u0105 jako cz\u0119\u015b\u0107 procesu w drodze do obranego celu.<\/p>\n<p>[\/et_pb_text][\/et_pb_column][\/et_pb_row][\/et_pb_section]<\/p>\n","protected":false},"excerpt":{"rendered":"<p>Serdecznie zapraszamy do naszej zer\u00f3wki, program edukacyjny jest taki sam dla wszystkich \u2013 niezale\u017cnie od tego, czy dziecko chodzi do przedszkola, czy do szko\u0142y. R\u00f3\u017cny natomiast jest spos\u00f3b jego realizacji.W przedszkolu program zaj\u0119\u0107 jest zdecydowanie bardziej urozmaicony. Nasi podopieczni opr\u00f3cz realizacji programu zer\u00f3wkowego maja dostostep do szeregu zaj\u0119\u0107 dodatkowych, ktore znajduj\u0105 si\u0119 w naszej ofercie.Sale [&hellip;]<\/p>\n","protected":false},"author":6,"featured_media":0,"parent":0,"menu_order":0,"comment_status":"closed","ping_status":"closed","template":"","meta":{"_et_pb_use_builder":"on","_et_pb_old_content":"","_et_gb_content_width":"","footnotes":""},"class_list":["post-236458","page","type-page","status-publish","hentry"],"aioseo_notices":[],"publishpress_future_action":{"enabled":false,"date":"2026-05-09 05:22:00","action":"change-status","newStatus":"draft","terms":[],"taxonomy":"","extraData":[]},"publishpress_future_workflow_manual_trigger":{"enabledWorkflows":[]},"_links":{"self":[{"href":"https:\/\/www.smykprzedszkole.com.pl\/stawowa\/wp-json\/wp\/v2\/pages\/236458","targetHints":{"allow":["GET"]}}],"collection":[{"href":"https:\/\/www.smykprzedszkole.com.pl\/stawowa\/wp-json\/wp\/v2\/pages"}],"about":[{"href":"https:\/\/www.smykprzedszkole.com.pl\/stawowa\/wp-json\/wp\/v2\/types\/page"}],"author":[{"embeddable":true,"href":"https:\/\/www.smykprzedszkole.com.pl\/stawowa\/wp-json\/wp\/v2\/users\/6"}],"replies":[{"embeddable":true,"href":"https:\/\/www.smykprzedszkole.com.pl\/stawowa\/wp-json\/wp\/v2\/comments?post=236458"}],"version-history":[{"count":4,"href":"https:\/\/www.smykprzedszkole.com.pl\/stawowa\/wp-json\/wp\/v2\/pages\/236458\/revisions"}],"predecessor-version":[{"id":236496,"href":"https:\/\/www.smykprzedszkole.com.pl\/stawowa\/wp-json\/wp\/v2\/pages\/236458\/revisions\/236496"}],"wp:attachment":[{"href":"https:\/\/www.smykprzedszkole.com.pl\/stawowa\/wp-json\/wp\/v2\/media?parent=236458"}],"curies":[{"name":"wp","href":"https:\/\/api.w.org\/{rel}","templated":true}]}}