{"id":236412,"date":"2021-06-06T18:14:03","date_gmt":"2021-06-06T18:14:03","guid":{"rendered":"https:\/\/www.smykprzedszkole.com.pl\/stawowa\/?page_id=236412"},"modified":"2025-02-20T13:48:27","modified_gmt":"2025-02-20T13:48:27","slug":"rekrutacja","status":"publish","type":"page","link":"https:\/\/www.smykprzedszkole.com.pl\/stawowa\/rekrutacja\/","title":{"rendered":"REKRUTACJA"},"content":{"rendered":"<p>[et_pb_section fb_built=&#8221;1&#8243; _builder_version=&#8221;4.16&#8243; _module_preset=&#8221;default&#8221; custom_padding=&#8221;||10px|||&#8221; bottom_divider_color=&#8221;#eaeaea&#8221; global_colors_info=&#8221;{}&#8221;][et_pb_row column_structure=&#8221;1_3,2_3&#8243; _builder_version=&#8221;4.16&#8243; _module_preset=&#8221;default&#8221; width=&#8221;100%&#8221; max_width=&#8221;90%&#8221; custom_padding=&#8221;||5px|||&#8221; global_colors_info=&#8221;{}&#8221;][et_pb_column type=&#8221;1_3&#8243; _builder_version=&#8221;4.16&#8243; _module_preset=&#8221;default&#8221; global_colors_info=&#8221;{}&#8221;][et_pb_image src=&#8221;https:\/\/www.smykprzedszkole.com.pl\/stawowa\/files\/2021\/06\/rekrutacja.jpg&#8221; title_text=&#8221;Thinking kid&#8221; _builder_version=&#8221;4.16&#8243; _module_preset=&#8221;default&#8221; animation_style=&#8221;flip&#8221; global_colors_info=&#8221;{}&#8221;][\/et_pb_image][\/et_pb_column][et_pb_column type=&#8221;2_3&#8243; _builder_version=&#8221;4.16&#8243; _module_preset=&#8221;default&#8221; global_colors_info=&#8221;{}&#8221;][et_pb_text_divider cwp_select_style=&#8221;fancy&#8221; cwp_style_fancy=&#8221;curved&#8221; divider_title=&#8221;Rekrutacja &#8221; _builder_version=&#8221;4.16&#8243; _module_preset=&#8221;default&#8221; header_text_level=&#8221;h1&#8243; header_text_font=&#8221;Combo|700|||||||&#8221; header_text_text_color=&#8221;#7CDA24&#8243; header_text_font_size=&#8221;35px&#8221; global_colors_info=&#8221;{%22gcid-3b8c3e40-536d-45e6-8ede-6833e503613c%22:%91%93}&#8221;][\/et_pb_text_divider][et_pb_text _builder_version=&#8221;4.27.4&#8243; _module_preset=&#8221;default&#8221; text_font=&#8221;Combo||||||||&#8221; text_text_color=&#8221;#000000&#8243; text_font_size=&#8221;17px&#8221; custom_margin=&#8221;||15px|||&#8221; animation_style=&#8221;slide&#8221; animation_direction=&#8221;right&#8221; hover_enabled=&#8221;0&#8243; global_colors_info=&#8221;{}&#8221; sticky_enabled=&#8221;0&#8243;]<\/p>\n<div>Zapraszamy dzieci od 2 \u2013 6 roku \u017cycia w godzinach od 7.00 do 18.00, jeste\u015bmy otwarci przez ca\u0142y rok kalendarzowy ,r\u00f3wnie\u017c podczas miesi\u0119cy wakacyjnych. Rekrutacja do przedszkola trwa ca\u0142y rok kalendarzowy,w zale\u017cno\u015bci od ilo\u015bci dost\u0119pnych miejsc,o przyj\u0119ciu do przedszkola decyduje kolejno\u015b\u0107 zg\u0142osze\u0144.<\/div>\n<div>Je\u017celi chcecie Pa\u0144stwo obejrze\u0107 nasze Przedszkole, serdecznie zapraszamy do kontaktu telefonicznego.<\/div>\n<div>Zapraszamy r\u00f3wnie\u017c na dni otwarte,kt\u00f3rych termin znajdziecie Pa\u0144stwo na naszym fb .<\/div>\n<p>[\/et_pb_text][\/et_pb_column][\/et_pb_row][\/et_pb_section][et_pb_section fb_built=&#8221;1&#8243; theme_builder_area=&#8221;post_content&#8221; _builder_version=&#8221;4.27.4&#8243; _module_preset=&#8221;default&#8221;][\/et_pb_section]<\/p>\n","protected":false},"excerpt":{"rendered":"<p>Zapraszamy dzieci od 2 \u2013 6 roku \u017cycia w godzinach od 7.00 do 18.00, jeste\u015bmy otwarci przez ca\u0142y rok kalendarzowy ,r\u00f3wnie\u017c podczas miesi\u0119cy wakacyjnych. Rekrutacja do przedszkola trwa ca\u0142y rok kalendarzowy,w zale\u017cno\u015bci od ilo\u015bci dost\u0119pnych miejsc,o przyj\u0119ciu do przedszkola decyduje kolejno\u015b\u0107 zg\u0142osze\u0144. Je\u017celi chcecie Pa\u0144stwo obejrze\u0107 nasze Przedszkole, serdecznie zapraszamy do kontaktu telefonicznego. Zapraszamy r\u00f3wnie\u017c [&hellip;]<\/p>\n","protected":false},"author":6,"featured_media":0,"parent":0,"menu_order":0,"comment_status":"closed","ping_status":"closed","template":"","meta":{"_et_pb_use_builder":"on","_et_pb_old_content":"","_et_gb_content_width":"","footnotes":""},"class_list":["post-236412","page","type-page","status-publish","hentry"],"aioseo_notices":[],"publishpress_future_action":{"enabled":false,"date":"2026-05-09 05:27:58","action":"change-status","newStatus":"draft","terms":[],"taxonomy":"","extraData":[]},"publishpress_future_workflow_manual_trigger":{"enabledWorkflows":[]},"_links":{"self":[{"href":"https:\/\/www.smykprzedszkole.com.pl\/stawowa\/wp-json\/wp\/v2\/pages\/236412","targetHints":{"allow":["GET"]}}],"collection":[{"href":"https:\/\/www.smykprzedszkole.com.pl\/stawowa\/wp-json\/wp\/v2\/pages"}],"about":[{"href":"https:\/\/www.smykprzedszkole.com.pl\/stawowa\/wp-json\/wp\/v2\/types\/page"}],"author":[{"embeddable":true,"href":"https:\/\/www.smykprzedszkole.com.pl\/stawowa\/wp-json\/wp\/v2\/users\/6"}],"replies":[{"embeddable":true,"href":"https:\/\/www.smykprzedszkole.com.pl\/stawowa\/wp-json\/wp\/v2\/comments?post=236412"}],"version-history":[{"count":7,"href":"https:\/\/www.smykprzedszkole.com.pl\/stawowa\/wp-json\/wp\/v2\/pages\/236412\/revisions"}],"predecessor-version":[{"id":238067,"href":"https:\/\/www.smykprzedszkole.com.pl\/stawowa\/wp-json\/wp\/v2\/pages\/236412\/revisions\/238067"}],"wp:attachment":[{"href":"https:\/\/www.smykprzedszkole.com.pl\/stawowa\/wp-json\/wp\/v2\/media?parent=236412"}],"curies":[{"name":"wp","href":"https:\/\/api.w.org\/{rel}","templated":true}]}}

<p>[et_pb_section fb_built=&#8221;1&#8243; _builder_version=&#8221;4.16&#8243; _module_preset=&#8221;default&#8221; custom_padding=&#8221;||10px|||&#8221; bottom_divider_color=&#8221;#eaeaea&#8221; global_colors_info=&#8221;{}&#8221;][et_pb_row column_structure=&#8221;1_3,2_3&#8243; _builder_version=&#8221;4.16&#8243; _module_preset=&#8221;default&#8221; width=&#8221;100%&#8221; max_width=&#8221;90%&#8221; custom_padding=&#8221;||5px|||&#8221; global_colors_info=&#8221;{}&#8221;][et_pb_column type=&#8221;1_3&#8243; _builder_version=&#8221;4.16&#8243; _module_preset=&#8221;default&#8221; global_colors_info=&#8221;{}&#8221;][et_pb_image src=&#8221;https://www.smykprzedszkole.com.pl/stawowa/files/2021/06/rekrutacja.jpg&#8221; title_text=&#8221;Thinking kid&#8221; _builder_version=&#8221;4.16&#8243; _module_preset=&#8221;default&#8221; animation_style=&#8221;flip&#8221; global_colors_info=&#8221;{}&#8221;][/et_pb_image][/et_pb_column][et_pb_column type=&#8221;2_3&#8243; _builder_version=&#8221;4.16&#8243; _module_preset=&#8221;default&#8221; global_colors_info=&#8221;{}&#8221;][et_pb_text_divider cwp_select_style=&#8221;fancy&#8221; cwp_style_fancy=&#8221;curved&#8221; divider_title=&#8221;Rekrutacja &#8221; _builder_version=&#8221;4.16&#8243; _module_preset=&#8221;default&#8221; header_text_level=&#8221;h1&#8243; header_text_font=&#8221;Combo|700|||||||&#8221; header_text_text_color=&#8221;#7CDA24&#8243; header_text_font_size=&#8221;35px&#8221; global_colors_info=&#8221;{%22gcid-3b8c3e40-536d-45e6-8ede-6833e503613c%22:%91%93}&#8221;][/et_pb_text_divider][et_pb_text _builder_version=&#8221;4.27.4&#8243; _module_preset=&#8221;default&#8221; text_font=&#8221;Combo||||||||&#8221; text_text_color=&#8221;#000000&#8243; text_font_size=&#8221;17px&#8221; custom_margin=&#8221;||15px|||&#8221; animation_style=&#8221;slide&#8221; animation_direction=&#8221;right&#8221; hover_enabled=&#8221;0&#8243; global_colors_info=&#8221;{}&#8221; sticky_enabled=&#8221;0&#8243;]</p>
<div>Zapraszamy dzieci od 2 – 6 roku życia w godzinach od 7.00 do 18.00, jesteśmy otwarci przez cały rok kalendarzowy ,również podczas miesięcy wakacyjnych. Rekrutacja do przedszkola trwa cały rok kalendarzowy,w zależności od ilości dostępnych miejsc,o przyjęciu do przedszkola decyduje kolejność zgłoszeń.</div>
<div>Jeżeli chcecie Państwo obejrzeć nasze Przedszkole, serdecznie zapraszamy do kontaktu telefonicznego.</div>
<div>Zapraszamy również na dni otwarte,których termin znajdziecie Państwo na naszym fb .</div>
<p>[/et_pb_text][/et_pb_column][/et_pb_row][/et_pb_section][et_pb_section fb_built=&#8221;1&#8243; theme_builder_area=&#8221;post_content&#8221; _builder_version=&#8221;4.27.4&#8243; _module_preset=&#8221;default&#8221;][/et_pb_section]</p>

<p>Zapraszamy dzieci od 2 – 6 roku życia w godzinach od 7.00 do 18.00, jesteśmy otwarci przez cały rok kalendarzowy ,również podczas miesięcy wakacyjnych. Rekrutacja do przedszkola trwa cały rok kalendarzowy,w zależności od ilości dostępnych miejsc,o przyjęciu do przedszkola decyduje kolejność zgłoszeń. Jeżeli chcecie Państwo obejrzeć nasze Przedszkole, serdecznie zapraszamy do kontaktu telefonicznego. Zapraszamy również [&hellip;]</p>
