{"id":236408,"date":"2021-06-06T18:05:38","date_gmt":"2021-06-06T18:05:38","guid":{"rendered":"https:\/\/www.smykprzedszkole.com.pl\/stawowa\/?page_id=236408"},"modified":"2021-06-08T15:45:25","modified_gmt":"2021-06-08T15:45:25","slug":"plan-dnia","status":"publish","type":"page","link":"https:\/\/www.smykprzedszkole.com.pl\/stawowa\/plan-dnia\/","title":{"rendered":"PLAN DNIA"},"content":{"rendered":"<p>[et_pb_section fb_built=&#8221;1&#8243; _builder_version=&#8221;4.9.4&#8243; _module_preset=&#8221;default&#8221;][et_pb_row column_structure=&#8221;2_5,3_5&#8243; _builder_version=&#8221;4.9.4&#8243; _module_preset=&#8221;default&#8221; width=&#8221;100%&#8221; max_width=&#8221;90%&#8221;][et_pb_column type=&#8221;2_5&#8243; _builder_version=&#8221;4.9.4&#8243; _module_preset=&#8221;default&#8221;][et_pb_image src=&#8221;https:\/\/www.smykprzedszkole.com.pl\/stawowa\/files\/2021\/06\/home.jpg&#8221; title_text=&#8221;Happy kid playing with toy airplane&#8221; _builder_version=&#8221;4.9.4&#8243; _module_preset=&#8221;default&#8221; animation_style=&#8221;fold&#8221; animation_direction=&#8221;bottom&#8221; border_radii=&#8221;off|50px||50px|&#8221; border_width_top=&#8221;4px&#8221; border_color_top=&#8221;gcid-cbf296af-5377-4257-8cc2-dac943cb2d49&#8243; border_width_right=&#8221;4px&#8221; border_color_right=&#8221;gcid-a831910f-8668-428f-9229-68effa3f6744&#8243; locked=&#8221;off&#8221; global_colors_info=&#8221;{%22gcid-cbf296af-5377-4257-8cc2-dac943cb2d49%22:%91%22border_color_top%22%93,%22gcid-a831910f-8668-428f-9229-68effa3f6744%22:%91%22border_color_right%22%93}&#8221;][\/et_pb_image][\/et_pb_column][et_pb_column type=&#8221;3_5&#8243; _builder_version=&#8221;4.9.4&#8243; _module_preset=&#8221;default&#8221;][et_pb_text_divider cwp_select_style=&#8221;fancy&#8221; cwp_style_fancy=&#8221;wavy&#8221; divider_title=&#8221;Nasz dzie\u0144 w Przedszkolu Smyk&#8221; _builder_version=&#8221;4.9.4&#8243; _module_preset=&#8221;default&#8221; header_text_level=&#8221;h1&#8243; header_text_font=&#8221;Combo|700|||||||&#8221; header_text_text_color=&#8221;gcid-3b8c3e40-536d-45e6-8ede-6833e503613c&#8221; header_text_font_size=&#8221;35px&#8221; custom_margin=&#8221;||3px|||&#8221; locked=&#8221;off&#8221; global_colors_info=&#8221;{%22gcid-3b8c3e40-536d-45e6-8ede-6833e503613c%22:%91%22header_text_text_color%22%93}&#8221;][\/et_pb_text_divider][et_pb_text _builder_version=&#8221;4.9.4&#8243; _module_preset=&#8221;default&#8221; text_font=&#8221;Combo||||||||&#8221; text_text_color=&#8221;#000000&#8243;]<\/p>\n<p><strong>7.00- 8.45<\/strong> Przychodzimy do przedszkola. Bawimy si\u0119 r\u00f3\u017cnymi zabawkami, rysujemy, gramy, \u015bpiewamy, ta\u0144czymy i witamy si\u0119!<\/p>\n<p><strong>8.45- 9.00<\/strong> Myjemy r\u0105czki, przygotowujemy si\u0119 do \u015bniadania!<\/p>\n<p><strong>9.00- 9.30<\/strong> \u015aniadanko ( lepiej si\u0119 nie sp\u00f3\u017ania\u0107, smutno samemu siedzie\u0107 przy stoliku, a \u015bniadanka s\u0105 przepyszne)<\/p>\n<p><strong>9.30-11.00<\/strong> Realizujemy zadania edukacyjne i wychowawcze wynikaj\u0105ce z podstawy programowej, mamy\u00a0 r\u00f3wnie\u017c zaj\u0119cia dydaktyczne zgodne z programem tygodniowym<\/p>\n<p><strong>11.00- 11.50<\/strong>&#8211; Bawimy si\u0119 na naszym fantastycznym placu zabaw lub spacerujemy, w zale\u017cno\u015bci od pogody<\/p>\n<p><strong>11.50- 12.00<\/strong> Przygotowujemy si\u0119 do obiadu (przebieramy si\u0119 w szatni, korzystamy z toalety i dok\u0142adnie myjemy r\u0105czki i buzi\u0119)<\/p>\n<p><strong>12.00- 12.30<\/strong> Obiadek ( zupka oraz drugie danie)<\/p>\n<p><strong>12.30- 14.50<\/strong> Mamy Zaj\u0119cia dodatkowe, pracujemy indywidualnie z Cioci\u0105 . Le\u017cakujemy wg potrzeb .<\/p>\n<p><strong>14.50- 15.00<\/strong> Przygotowujemy si\u0119\u00a0 \u00a0do podwieczorku ( dok\u0142adnie myjemy r\u0105czki)<\/p>\n<p><strong>15:00- 15:15<\/strong> Podwieczorek<\/p>\n<p><strong>15:15-16:45-<\/strong> czytamy bajki, s\u0142uchamy muzyki i ta\u0144czmy, bawimy si\u0119 na dywanie, kolorujemy, uk\u0142adamy puzzle i klocki a gdy jest pi\u0119kna pogoda wychodzimy na dworek<\/p>\n<p><strong>17.00- 17.15<\/strong> II Posi\u0142ek regeneracyjny<\/p>\n<p><strong>17:15-18<\/strong> &#8211; bawimy sie na dywanie,czytamy ksi\u0105\u017cki, rysujemy, gramy w gry, a jak pogoda pozwala bawimy si\u0119 w dawne zabawy podw\u00f3rkowe w ogrodzie przedszkolnym.<\/p>\n<p>[\/et_pb_text][\/et_pb_column][\/et_pb_row][\/et_pb_section]<\/p>\n","protected":false},"excerpt":{"rendered":"<p>7.00- 8.45 Przychodzimy do przedszkola. Bawimy si\u0119 r\u00f3\u017cnymi zabawkami, rysujemy, gramy, \u015bpiewamy, ta\u0144czymy i witamy si\u0119! 8.45- 9.00 Myjemy r\u0105czki, przygotowujemy si\u0119 do \u015bniadania! 9.00- 9.30 \u015aniadanko ( lepiej si\u0119 nie sp\u00f3\u017ania\u0107, smutno samemu siedzie\u0107 przy stoliku, a \u015bniadanka s\u0105 przepyszne) 9.30-11.00 Realizujemy zadania edukacyjne i wychowawcze wynikaj\u0105ce z podstawy programowej, mamy\u00a0 r\u00f3wnie\u017c zaj\u0119cia dydaktyczne [&hellip;]<\/p>\n","protected":false},"author":6,"featured_media":0,"parent":0,"menu_order":0,"comment_status":"closed","ping_status":"closed","template":"","meta":{"_et_pb_use_builder":"on","_et_pb_old_content":"","_et_gb_content_width":"","footnotes":""},"class_list":["post-236408","page","type-page","status-publish","hentry"],"aioseo_notices":[],"publishpress_future_action":{"enabled":false,"date":"2026-05-09 05:19:00","action":"change-status","newStatus":"draft","terms":[],"taxonomy":"","extraData":[]},"publishpress_future_workflow_manual_trigger":{"enabledWorkflows":[]},"_links":{"self":[{"href":"https:\/\/www.smykprzedszkole.com.pl\/stawowa\/wp-json\/wp\/v2\/pages\/236408","targetHints":{"allow":["GET"]}}],"collection":[{"href":"https:\/\/www.smykprzedszkole.com.pl\/stawowa\/wp-json\/wp\/v2\/pages"}],"about":[{"href":"https:\/\/www.smykprzedszkole.com.pl\/stawowa\/wp-json\/wp\/v2\/types\/page"}],"author":[{"embeddable":true,"href":"https:\/\/www.smykprzedszkole.com.pl\/stawowa\/wp-json\/wp\/v2\/users\/6"}],"replies":[{"embeddable":true,"href":"https:\/\/www.smykprzedszkole.com.pl\/stawowa\/wp-json\/wp\/v2\/comments?post=236408"}],"version-history":[{"count":3,"href":"https:\/\/www.smykprzedszkole.com.pl\/stawowa\/wp-json\/wp\/v2\/pages\/236408\/revisions"}],"predecessor-version":[{"id":236493,"href":"https:\/\/www.smykprzedszkole.com.pl\/stawowa\/wp-json\/wp\/v2\/pages\/236408\/revisions\/236493"}],"wp:attachment":[{"href":"https:\/\/www.smykprzedszkole.com.pl\/stawowa\/wp-json\/wp\/v2\/media?parent=236408"}],"curies":[{"name":"wp","href":"https:\/\/api.w.org\/{rel}","templated":true}]}}

<p>[et_pb_section fb_built=&#8221;1&#8243; _builder_version=&#8221;4.9.4&#8243; _module_preset=&#8221;default&#8221;][et_pb_row column_structure=&#8221;2_5,3_5&#8243; _builder_version=&#8221;4.9.4&#8243; _module_preset=&#8221;default&#8221; width=&#8221;100%&#8221; max_width=&#8221;90%&#8221;][et_pb_column type=&#8221;2_5&#8243; _builder_version=&#8221;4.9.4&#8243; _module_preset=&#8221;default&#8221;][et_pb_image src=&#8221;https://www.smykprzedszkole.com.pl/stawowa/files/2021/06/home.jpg&#8221; title_text=&#8221;Happy kid playing with toy airplane&#8221; _builder_version=&#8221;4.9.4&#8243; _module_preset=&#8221;default&#8221; animation_style=&#8221;fold&#8221; animation_direction=&#8221;bottom&#8221; border_radii=&#8221;off|50px||50px|&#8221; border_width_top=&#8221;4px&#8221; border_color_top=&#8221;gcid-cbf296af-5377-4257-8cc2-dac943cb2d49&#8243; border_width_right=&#8221;4px&#8221; border_color_right=&#8221;gcid-a831910f-8668-428f-9229-68effa3f6744&#8243; locked=&#8221;off&#8221; global_colors_info=&#8221;{%22gcid-cbf296af-5377-4257-8cc2-dac943cb2d49%22:%91%22border_color_top%22%93,%22gcid-a831910f-8668-428f-9229-68effa3f6744%22:%91%22border_color_right%22%93}&#8221;][/et_pb_image][/et_pb_column][et_pb_column type=&#8221;3_5&#8243; _builder_version=&#8221;4.9.4&#8243; _module_preset=&#8221;default&#8221;][et_pb_text_divider cwp_select_style=&#8221;fancy&#8221; cwp_style_fancy=&#8221;wavy&#8221; divider_title=&#8221;Nasz dzień w Przedszkolu Smyk&#8221; _builder_version=&#8221;4.9.4&#8243; _module_preset=&#8221;default&#8221; header_text_level=&#8221;h1&#8243; header_text_font=&#8221;Combo|700|||||||&#8221; header_text_text_color=&#8221;gcid-3b8c3e40-536d-45e6-8ede-6833e503613c&#8221; header_text_font_size=&#8221;35px&#8221; custom_margin=&#8221;||3px|||&#8221; locked=&#8221;off&#8221; global_colors_info=&#8221;{%22gcid-3b8c3e40-536d-45e6-8ede-6833e503613c%22:%91%22header_text_text_color%22%93}&#8221;][/et_pb_text_divider][et_pb_text _builder_version=&#8221;4.9.4&#8243; _module_preset=&#8221;default&#8221; text_font=&#8221;Combo||||||||&#8221; text_text_color=&#8221;#000000&#8243;]</p>
<p><strong>7.00- 8.45</strong> Przychodzimy do przedszkola. Bawimy się różnymi zabawkami, rysujemy, gramy, śpiewamy, tańczymy i witamy się!</p>
<p><strong>8.45- 9.00</strong> Myjemy rączki, przygotowujemy się do śniadania!</p>
<p><strong>9.00- 9.30</strong> Śniadanko ( lepiej się nie spóźniać, smutno samemu siedzieć przy stoliku, a śniadanka są przepyszne)</p>
<p><strong>9.30-11.00</strong> Realizujemy zadania edukacyjne i wychowawcze wynikające z podstawy programowej, mamy  również zajęcia dydaktyczne zgodne z programem tygodniowym</p>
<p><strong>11.00- 11.50</strong>&#8211; Bawimy się na naszym fantastycznym placu zabaw lub spacerujemy, w zależności od pogody</p>
<p><strong>11.50- 12.00</strong> Przygotowujemy się do obiadu (przebieramy się w szatni, korzystamy z toalety i dokładnie myjemy rączki i buzię)</p>
<p><strong>12.00- 12.30</strong> Obiadek ( zupka oraz drugie danie)</p>
<p><strong>12.30- 14.50</strong> Mamy Zajęcia dodatkowe, pracujemy indywidualnie z Ciocią . Leżakujemy wg potrzeb .</p>
<p><strong>14.50- 15.00</strong> Przygotowujemy się   do podwieczorku ( dokładnie myjemy rączki)</p>
<p><strong>15:00- 15:15</strong> Podwieczorek</p>
<p><strong>15:15-16:45-</strong> czytamy bajki, słuchamy muzyki i tańczmy, bawimy się na dywanie, kolorujemy, układamy puzzle i klocki a gdy jest piękna pogoda wychodzimy na dworek</p>
<p><strong>17.00- 17.15</strong> II Posiłek regeneracyjny</p>
<p><strong>17:15-18</strong> &#8211; bawimy sie na dywanie,czytamy książki, rysujemy, gramy w gry, a jak pogoda pozwala bawimy się w dawne zabawy podwórkowe w ogrodzie przedszkolnym.</p>
<p>[/et_pb_text][/et_pb_column][/et_pb_row][/et_pb_section]</p>

<p>7.00- 8.45 Przychodzimy do przedszkola. Bawimy się różnymi zabawkami, rysujemy, gramy, śpiewamy, tańczymy i witamy się! 8.45- 9.00 Myjemy rączki, przygotowujemy się do śniadania! 9.00- 9.30 Śniadanko ( lepiej się nie spóźniać, smutno samemu siedzieć przy stoliku, a śniadanka są przepyszne) 9.30-11.00 Realizujemy zadania edukacyjne i wychowawcze wynikające z podstawy programowej, mamy  również zajęcia dydaktyczne [&hellip;]</p>
