{"id":14,"date":"2010-11-06T21:22:31","date_gmt":"2010-11-06T21:22:31","guid":{"rendered":"http:\/\/www.smykprzedszkole.com.pl\/stawowa\/"},"modified":"2024-03-25T12:05:39","modified_gmt":"2024-03-25T12:05:39","slug":"oplaty","status":"publish","type":"page","link":"https:\/\/www.smykprzedszkole.com.pl\/stawowa\/o-nas\/oplaty\/","title":{"rendered":"Op\u0142aty"},"content":{"rendered":"<p>[et_pb_section fb_built=&#8221;1&#8243; _builder_version=&#8221;4.16&#8243; _module_preset=&#8221;default&#8221; global_colors_info=&#8221;{}&#8221;][et_pb_row column_structure=&#8221;2_5,3_5&#8243; _builder_version=&#8221;4.16&#8243; _module_preset=&#8221;default&#8221; width=&#8221;100%&#8221; max_width=&#8221;90%&#8221; global_colors_info=&#8221;{}&#8221;][et_pb_column type=&#8221;2_5&#8243; _builder_version=&#8221;4.16&#8243; _module_preset=&#8221;default&#8221; global_colors_info=&#8221;{}&#8221;][et_pb_image src=&#8221;https:\/\/www.smykprzedszkole.com.pl\/stawowa\/files\/2021\/06\/oplaty.jpg&#8221; title_text=&#8221;oplaty&#8221; _builder_version=&#8221;4.16&#8243; _module_preset=&#8221;default&#8221; animation_style=&#8221;flip&#8221; border_radii=&#8221;off|50px||50px|&#8221; border_width_top=&#8221;4px&#8221; border_color_top=&#8221;gcid-cbf296af-5377-4257-8cc2-dac943cb2d49&#8243; border_width_right=&#8221;4px&#8221; border_color_right=&#8221;gcid-a831910f-8668-428f-9229-68effa3f6744&#8243; global_colors_info=&#8221;{%22gcid-cbf296af-5377-4257-8cc2-dac943cb2d49%22:%91%22border_color_top%22%93,%22gcid-a831910f-8668-428f-9229-68effa3f6744%22:%91%22border_color_right%22%93}&#8221;][\/et_pb_image][\/et_pb_column][et_pb_column type=&#8221;3_5&#8243; _builder_version=&#8221;4.16&#8243; _module_preset=&#8221;default&#8221; global_colors_info=&#8221;{}&#8221;][et_pb_text_divider cwp_select_style=&#8221;fancy&#8221; cwp_style_fancy=&#8221;curved&#8221; divider_title=&#8221;Op\u0142aty&#8221; _builder_version=&#8221;4.16&#8243; _module_preset=&#8221;default&#8221; header_text_level=&#8221;h1&#8243; header_text_font=&#8221;Combo|700|||||||&#8221; header_text_text_color=&#8221;#8300E9&#8243; header_text_font_size=&#8221;35px&#8221; global_colors_info=&#8221;{%22gcid-3b8c3e40-536d-45e6-8ede-6833e503613c%22:%91%93}&#8221;][\/et_pb_text_divider][et_pb_text _builder_version=&#8221;4.16&#8243; _module_preset=&#8221;default&#8221; text_font=&#8221;Combo||||||||&#8221; text_text_color=&#8221;#000000&#8243; text_font_size=&#8221;16px&#8221; global_colors_info=&#8221;{}&#8221;]<\/p>\n<p>Zapraszamy\u00a0dzieci od 2 &#8211; 6 roku \u017cycia w godzinach od 7.00 do 18.00, jeste\u015bmy otwarci przez ca\u0142y rok kalendarzowy r\u00f3wnie\u017c podczas miesi\u0119cy wakacyjnych.<\/p>\n<p>[\/et_pb_text][et_pb_text _builder_version=&#8221;4.24.2&#8243; _module_preset=&#8221;default&#8221; text_font=&#8221;Combo||||||||&#8221; text_text_color=&#8221;#000000&#8243; text_font_size=&#8221;16px&#8221; link_font=&#8221;Combo|700|||||||&#8221; link_text_color=&#8221;#E02B20&#8243; animation_style=&#8221;flip&#8221; hover_enabled=&#8221;0&#8243; global_colors_info=&#8221;{}&#8221; sticky_enabled=&#8221;0&#8243;]<\/p>\n<p><strong>Czesne za pobyt Dziecka\u00a0 w przedszkolu w roku 2024\/2025 wynosi 700 z\u0142 (siedemset) miesi\u0119cznie plus stawka \u017cywieniowa w wysoko\u015bci 14 z\u0142 za dzie\u0144. Nie pobieramy wpisowego!<\/strong><\/p>\n<p>W sk\u0142ad czesnego wchodzi;<br \/>-realizacja podstawy programowej<br \/>&#8211;<a href=\"https:\/\/www.smykprzedszkole.com.pl\/stawowa\/zajecia\/\">zaj\u0119cia dodatkowe<\/a><br \/>-zaj\u0119cia prowadzone przez wykwalifikowana kadr\u0119<br \/>-pomoce plastyczno-techniczne<br \/>-atrakcje w przedszkolu(teatrzyki,warsztaty tematyczne)<br \/>-pisemne opinie na temat rozwoju dziecka<br \/>-dyzury nauczycielskie<br \/>-badania przesiewowe logopedyczne<br \/>-badania przesiewowe psychologiczne<br \/>-badania przesiewowe prawid\u0142owej postawy cia\u0142a<br \/>-uroczysto\u015bci przedszkolne<br \/>-upominki okoliczno\u015bciowe<\/p>\n<p>&nbsp;<\/p>\n<p>[\/et_pb_text][\/et_pb_column][\/et_pb_row][\/et_pb_section]<\/p>\n","protected":false},"excerpt":{"rendered":"<p>Zapraszamy\u00a0dzieci od 2 &#8211; 6 roku \u017cycia w godzinach od 7.00 do 18.00, jeste\u015bmy otwarci przez ca\u0142y rok kalendarzowy r\u00f3wnie\u017c podczas miesi\u0119cy wakacyjnych.Czesne za pobyt Dziecka\u00a0 w przedszkolu w roku 2024\/2025 wynosi 700 z\u0142 (siedemset) miesi\u0119cznie plus stawka \u017cywieniowa w wysoko\u015bci 14 z\u0142 za dzie\u0144. Nie pobieramy wpisowego! W sk\u0142ad czesnego wchodzi;-realizacja podstawy programowej-zaj\u0119cia dodatkowe-zaj\u0119cia [&hellip;]<\/p>\n","protected":false},"author":1,"featured_media":0,"parent":12,"menu_order":0,"comment_status":"closed","ping_status":"closed","template":"","meta":{"_et_pb_use_builder":"on","_et_pb_old_content":"Czesne za pobyt Dziecka\u00a0 w roku 2012\/2013 wynosi <strong>580 z\u0142 . <\/strong>jest to op\u0142ata sta\u0142a p\u0142atna przez 12miesi\u0119cy.\r\n\r\nW przypadku rodze\u0144stwa 10% zni\u017cki.\r\n\r\nOp\u0142ata za wy\u017cywienie wynosi <strong>140 z<\/strong>\u0142. W\u00a0 przypadku zg\u0142oszonej ci\u0105g\u0142ej nieobecno\u015bci dziecka powy\u017cej 3 dni odliczana jest stawka \u017cywieniowa w wysoko\u015bci 7 z\u0142. dziennie.\r\n\r\nPrzy podpisaniu umowy przedszkole pobiera op\u0142at\u0119 400 z\u0142. na poczet czesnego za miesi\u0105c wrzesie\u0144 (op\u0142ata dla dzieci nowo przyj\u0119tych).\r\n<strong>Przedszkole nie pobiera wpisowego.<\/strong>\r\n\r\nW ramach czesnego oferujemy\r\n<ul>\r\n\t<li><strong>opiek\u0119 nad dzieckiem w przedszkolu w godz. 6.30-18.00<\/strong><\/li>\r\n\t<li><strong>zaj\u0119cia dydaktyczne <\/strong>-prowadzone\u00a0 przez wychowawce zgodne z wytycznymi MEN<strong>\r\n<\/strong><\/li>\r\n\t<li><strong>j\u0119zyk angielski<\/strong>- 3 razy w tygodniu<\/li>\r\n\t<li><strong>rytmika<\/strong> \u2013 1 raz w tygodniu<\/li>\r\n\t<li><strong>gimnastyka korekcyjna\/taniec<\/strong> \u2013 wymiennie co tydzie\u0144<\/li>\r\n\t<li>\u00a0<strong>kulinarne potyczki<\/strong>- co 2 tygodnie. Praktyczne\u00a0 zaj\u0119cia kulinarne podczas kt\u00f3rych,\u00a0 odkryjemy przed dzie\u0107mi\u00a0 tajemnice krainy smak\u00f3w i opowiemy ciekawe historie zwi\u0105zane z kuchni\u0105 \u015bwiata, a tak\u017ce b\u0119dziemy\u00a0 piec ciasteczka, robi\u0107 sa\u0142atki i wiele innych smacznych da\u0144.<\/li>\r\n\t<li><strong>Eko-Smyki<\/strong>- 1 raz w miesi\u0105cu. Zaj\u0119cia na kt\u00f3rych dzieci b\u0119d\u0105 ogl\u0105da\u0142y pod mikroskopem wiele interesuj\u0105cych ro\u015blin i nie tylko. Dzi\u0119ki tym zaj\u0119ciom naucz\u0105 si\u0119 szacunku dla przyrody i b\u0119d\u0105 wiedzia\u0142y jak ekologicznie \u017cy\u0107 we w\u0142asnym domu. W ramach zaj\u0119\u0107 dzieci b\u0119d\u0105 sadzi\u0107 warzywa,zio\u0142a a tak\u017ce kwiaty.<\/li>\r\n\t<li><strong>Gliniarze<\/strong>- 1 raz w miesi\u0105cu. Podczas tych fantastycznych zaj\u0119\u0107 b\u0119dziemy rozwija\u0107\u00a0 zdolno\u015bci plastyczne, rozbudza\u0107 wra\u017cliwo\u015b\u0107 artystyczn\u0105 i zapa\u0142 tw\u00f3rczy u dzieci. Tworzone prace b\u0119d\u0105 wypalane i szkliwione przez dzieci.<\/li>\r\n\t<li><strong>Weso\u0142e j\u0119zyki<\/strong>-2 razy w tygodniu. Zaj\u0119cia dla wszystkich dzieci,\u00a0 lubi\u0105cych czasem pokr\u0119ci\u0107 nosem i powykrzywia\u0107 buzi\u0119. To logopedyczna zabawa relaksacyjno-rozwojowa zwi\u0119kszaj\u0105ca otwarto\u015b\u0107 i pewno\u015b\u0107 siebie u dzieci.<\/li>\r\n\t<li><strong>4 nielimitowane posi\u0142ki<\/strong><\/li>\r\n\t<li><strong>zaj\u0119cia plastyczne<\/strong>- codziennie wycinamy,rysujemy, malujemy,rze\u017abimy, lepimy,ugniatamy,wydzieramy,<\/li>\r\n\t<li><strong>zaj\u0119cia ruchowe<\/strong>- codziennie weso\u0142o skaczemy,biegamy, czo\u0142gamy si\u0119<\/li>\r\n\t<li><strong>atrakcje w przedszkolu<\/strong> (przedstawienia teatralne, koncerty, spotkania z ciekawymi lud\u017ami),<\/li>\r\n\t<li><strong>przesiewowe badania logopedyczne<\/strong>.<\/li>\r\n<\/ul>\r\nWp\u0142at\u0119 czesnego prosz\u0119 dokonywa\u0107 na:\r\nnr konta: Alior Bank 45 2490 0005 0000 4600 2011 5573\r\nz dopiskiem:\r\nczesne za miesi\u0105c:\r\nimi\u0119 i nazwisko dziecka + grupa","_et_gb_content_width":"","footnotes":""},"class_list":["post-14","page","type-page","status-publish","hentry"],"aioseo_notices":[],"publishpress_future_action":{"enabled":false,"date":"2026-05-09 05:22:00","action":"change-status","newStatus":"draft","terms":[],"taxonomy":"","extraData":[]},"publishpress_future_workflow_manual_trigger":{"enabledWorkflows":[]},"_links":{"self":[{"href":"https:\/\/www.smykprzedszkole.com.pl\/stawowa\/wp-json\/wp\/v2\/pages\/14","targetHints":{"allow":["GET"]}}],"collection":[{"href":"https:\/\/www.smykprzedszkole.com.pl\/stawowa\/wp-json\/wp\/v2\/pages"}],"about":[{"href":"https:\/\/www.smykprzedszkole.com.pl\/stawowa\/wp-json\/wp\/v2\/types\/page"}],"author":[{"embeddable":true,"href":"https:\/\/www.smykprzedszkole.com.pl\/stawowa\/wp-json\/wp\/v2\/users\/1"}],"replies":[{"embeddable":true,"href":"https:\/\/www.smykprzedszkole.com.pl\/stawowa\/wp-json\/wp\/v2\/comments?post=14"}],"version-history":[{"count":56,"href":"https:\/\/www.smykprzedszkole.com.pl\/stawowa\/wp-json\/wp\/v2\/pages\/14\/revisions"}],"predecessor-version":[{"id":237757,"href":"https:\/\/www.smykprzedszkole.com.pl\/stawowa\/wp-json\/wp\/v2\/pages\/14\/revisions\/237757"}],"up":[{"embeddable":true,"href":"https:\/\/www.smykprzedszkole.com.pl\/stawowa\/wp-json\/wp\/v2\/pages\/12"}],"wp:attachment":[{"href":"https:\/\/www.smykprzedszkole.com.pl\/stawowa\/wp-json\/wp\/v2\/media?parent=14"}],"curies":[{"name":"wp","href":"https:\/\/api.w.org\/{rel}","templated":true}]}}

Opłaty

<p>[et_pb_section fb_built=&#8221;1&#8243; _builder_version=&#8221;4.16&#8243; _module_preset=&#8221;default&#8221; global_colors_info=&#8221;{}&#8221;][et_pb_row column_structure=&#8221;2_5,3_5&#8243; _builder_version=&#8221;4.16&#8243; _module_preset=&#8221;default&#8221; width=&#8221;100%&#8221; max_width=&#8221;90%&#8221; global_colors_info=&#8221;{}&#8221;][et_pb_column type=&#8221;2_5&#8243; _builder_version=&#8221;4.16&#8243; _module_preset=&#8221;default&#8221; global_colors_info=&#8221;{}&#8221;][et_pb_image src=&#8221;https://www.smykprzedszkole.com.pl/stawowa/files/2021/06/oplaty.jpg&#8221; title_text=&#8221;oplaty&#8221; _builder_version=&#8221;4.16&#8243; _module_preset=&#8221;default&#8221; animation_style=&#8221;flip&#8221; border_radii=&#8221;off|50px||50px|&#8221; border_width_top=&#8221;4px&#8221; border_color_top=&#8221;gcid-cbf296af-5377-4257-8cc2-dac943cb2d49&#8243; border_width_right=&#8221;4px&#8221; border_color_right=&#8221;gcid-a831910f-8668-428f-9229-68effa3f6744&#8243; global_colors_info=&#8221;{%22gcid-cbf296af-5377-4257-8cc2-dac943cb2d49%22:%91%22border_color_top%22%93,%22gcid-a831910f-8668-428f-9229-68effa3f6744%22:%91%22border_color_right%22%93}&#8221;][/et_pb_image][/et_pb_column][et_pb_column type=&#8221;3_5&#8243; _builder_version=&#8221;4.16&#8243; _module_preset=&#8221;default&#8221; global_colors_info=&#8221;{}&#8221;][et_pb_text_divider cwp_select_style=&#8221;fancy&#8221; cwp_style_fancy=&#8221;curved&#8221; divider_title=&#8221;Opłaty&#8221; _builder_version=&#8221;4.16&#8243; _module_preset=&#8221;default&#8221; header_text_level=&#8221;h1&#8243; header_text_font=&#8221;Combo|700|||||||&#8221; header_text_text_color=&#8221;#8300E9&#8243; header_text_font_size=&#8221;35px&#8221; global_colors_info=&#8221;{%22gcid-3b8c3e40-536d-45e6-8ede-6833e503613c%22:%91%93}&#8221;][/et_pb_text_divider][et_pb_text _builder_version=&#8221;4.16&#8243; _module_preset=&#8221;default&#8221; text_font=&#8221;Combo||||||||&#8221; text_text_color=&#8221;#000000&#8243; text_font_size=&#8221;16px&#8221; global_colors_info=&#8221;{}&#8221;]</p>
<p>Zapraszamy dzieci od 2 &#8211; 6 roku życia w godzinach od 7.00 do 18.00, jesteśmy otwarci przez cały rok kalendarzowy również podczas miesięcy wakacyjnych.</p>
<p>[/et_pb_text][et_pb_text _builder_version=&#8221;4.24.2&#8243; _module_preset=&#8221;default&#8221; text_font=&#8221;Combo||||||||&#8221; text_text_color=&#8221;#000000&#8243; text_font_size=&#8221;16px&#8221; link_font=&#8221;Combo|700|||||||&#8221; link_text_color=&#8221;#E02B20&#8243; animation_style=&#8221;flip&#8221; hover_enabled=&#8221;0&#8243; global_colors_info=&#8221;{}&#8221; sticky_enabled=&#8221;0&#8243;]</p>
<p><strong>Czesne za pobyt Dziecka  w przedszkolu w roku 2024/2025 wynosi 700 zł (siedemset) miesięcznie plus stawka żywieniowa w wysokości 14 zł za dzień. Nie pobieramy wpisowego!</strong></p>
<p>W skład czesnego wchodzi;<br />-realizacja podstawy programowej<br />&#8211;<a href="https://www.smykprzedszkole.com.pl/stawowa/zajecia/">zajęcia dodatkowe</a><br />-zajęcia prowadzone przez wykwalifikowana kadrę<br />-pomoce plastyczno-techniczne<br />-atrakcje w przedszkolu(teatrzyki,warsztaty tematyczne)<br />-pisemne opinie na temat rozwoju dziecka<br />-dyzury nauczycielskie<br />-badania przesiewowe logopedyczne<br />-badania przesiewowe psychologiczne<br />-badania przesiewowe prawidłowej postawy ciała<br />-uroczystości przedszkolne<br />-upominki okolicznościowe</p>
<p>&nbsp;</p>
<p>[/et_pb_text][/et_pb_column][/et_pb_row][/et_pb_section]</p>

<p>Zapraszamy dzieci od 2 &#8211; 6 roku życia w godzinach od 7.00 do 18.00, jesteśmy otwarci przez cały rok kalendarzowy również podczas miesięcy wakacyjnych.Czesne za pobyt Dziecka  w przedszkolu w roku 2024/2025 wynosi 700 zł (siedemset) miesięcznie plus stawka żywieniowa w wysokości 14 zł za dzień. Nie pobieramy wpisowego! W skład czesnego wchodzi;-realizacja podstawy programowej-zajęcia dodatkowe-zajęcia [&hellip;]</p>

Czesne za pobyt Dziecka  w roku 2012/2013 wynosi <strong>580 zł . </strong>jest to opłata stała płatna przez 12miesięcy.

W przypadku rodzeństwa 10% zniżki.

Opłata za wyżywienie wynosi <strong>140 z</strong>ł. W  przypadku zgłoszonej ciągłej nieobecności dziecka powyżej 3 dni odliczana jest stawka żywieniowa w wysokości 7 zł. dziennie.

Przy podpisaniu umowy przedszkole pobiera opłatę 400 zł. na poczet czesnego za miesiąc wrzesień (opłata dla dzieci nowo przyjętych).
<strong>Przedszkole nie pobiera wpisowego.</strong>

W ramach czesnego oferujemy
<ul>
	<li><strong>opiekę nad dzieckiem w przedszkolu w godz. 6.30-18.00</strong></li>
	<li><strong>zajęcia dydaktyczne </strong>-prowadzone  przez wychowawce zgodne z wytycznymi MEN<strong>
</strong></li>
	<li><strong>język angielski</strong>- 3 razy w tygodniu</li>
	<li><strong>rytmika</strong> – 1 raz w tygodniu</li>
	<li><strong>gimnastyka korekcyjna/taniec</strong> – wymiennie co tydzień</li>
	<li> <strong>kulinarne potyczki</strong>- co 2 tygodnie. Praktyczne  zajęcia kulinarne podczas których,  odkryjemy przed dziećmi  tajemnice krainy smaków i opowiemy ciekawe historie związane z kuchnią świata, a także będziemy  piec ciasteczka, robić sałatki i wiele innych smacznych dań.</li>
	<li><strong>Eko-Smyki</strong>- 1 raz w miesiącu. Zajęcia na których dzieci będą oglądały pod mikroskopem wiele interesujących roślin i nie tylko. Dzięki tym zajęciom nauczą się szacunku dla przyrody i będą wiedziały jak ekologicznie żyć we własnym domu. W ramach zajęć dzieci będą sadzić warzywa,zioła a także kwiaty.</li>
	<li><strong>Gliniarze</strong>- 1 raz w miesiącu. Podczas tych fantastycznych zajęć będziemy rozwijać  zdolności plastyczne, rozbudzać wrażliwość artystyczną i zapał twórczy u dzieci. Tworzone prace będą wypalane i szkliwione przez dzieci.</li>
	<li><strong>Wesołe języki</strong>-2 razy w tygodniu. Zajęcia dla wszystkich dzieci,  lubiących czasem pokręcić nosem i powykrzywiać buzię. To logopedyczna zabawa relaksacyjno-rozwojowa zwiększająca otwartość i pewność siebie u dzieci.</li>
	<li><strong>4 nielimitowane posiłki</strong></li>
	<li><strong>zajęcia plastyczne</strong>- codziennie wycinamy,rysujemy, malujemy,rzeźbimy, lepimy,ugniatamy,wydzieramy,</li>
	<li><strong>zajęcia ruchowe</strong>- codziennie wesoło skaczemy,biegamy, czołgamy się</li>
	<li><strong>atrakcje w przedszkolu</strong> (przedstawienia teatralne, koncerty, spotkania z ciekawymi ludźmi),</li>
	<li><strong>przesiewowe badania logopedyczne</strong>.</li>
</ul>
Wpłatę czesnego proszę dokonywać na:
nr konta: Alior Bank 45 2490 0005 0000 4600 2011 5573
z dopiskiem:
czesne za miesiąc:
imię i nazwisko dziecka + grupa
